{"id":44,"date":"2023-10-03T18:49:47","date_gmt":"2023-10-03T16:49:47","guid":{"rendered":"https:\/\/lavoixdegreg.com\/?page_id=44"},"modified":"2023-10-30T18:53:20","modified_gmt":"2023-10-30T17:53:20","slug":"contact","status":"publish","type":"page","link":"https:\/\/lavoixdegreg.com\/index.php\/contact\/","title":{"rendered":"Me contacter"},"content":{"rendered":"\n<div class=\"wp-block-cover\" style=\"min-height:86px;aspect-ratio:unset;\"><span aria-hidden=\"true\" class=\"wp-block-cover__background has-nv-site-bg-background-color has-background-dim-100 has-background-dim\"><\/span><div class=\"wp-block-cover__inner-container is-layout-constrained wp-block-cover-is-layout-constrained\">\n<p class=\"has-text-align-center has-large-font-size\"> <br><strong><mark style=\"background-color:var(--nv-site-bg)\" class=\"has-inline-color has-nv-text-dark-bg-color\">06 81 42 06 69<\/mark><\/strong><\/p>\n<\/div><\/div>\n\n\n\n<div style=\"height:0px\" aria-hidden=\"true\" class=\"wp-block-spacer\"><\/div>\n\n\n\n<div class=\"wp-block-cover\" style=\"min-height:129px;aspect-ratio:unset;\"><span aria-hidden=\"true\" class=\"wp-block-cover__background has-nv-site-bg-background-color has-background-dim-100 has-background-dim\"><\/span><div class=\"wp-block-cover__inner-container is-layout-constrained wp-block-cover-is-layout-constrained\">\n<p class=\"has-text-align-center has-large-font-size\"><strong><sub><a href=\"mailto:greg@lavoixdegreg.com\">greg@lavoixdegreg.com<\/a><\/sub><\/strong><\/p>\n<\/div><\/div>\n","protected":false},"excerpt":{"rendered":"","protected":false},"author":1,"featured_media":0,"parent":0,"menu_order":0,"comment_status":"closed","ping_status":"closed","template":"","meta":{"neve_meta_sidebar":"","neve_meta_container":"","neve_meta_enable_content_width":"","neve_meta_content_width":0,"neve_meta_title_alignment":"","neve_meta_author_avatar":"","neve_post_elements_order":"","neve_meta_disable_header":"","neve_meta_disable_footer":"","neve_meta_disable_title":"","footnotes":""},"class_list":["post-44","page","type-page","status-publish","hentry"],"yoast_head":"<!-- This site is optimized with the Yoast SEO plugin v21.5 - https:\/\/yoast.com\/wordpress\/plugins\/seo\/ -->\n<title>Pour me contacter<\/title>\n<meta name=\"description\" content=\"Pour me contacter, deux options s&#039;offrent \u00e0 vous : le t\u00e9l\u00e9phone (en direct, par sms ou encore whatsapp) ou bien le mail.\" \/>\n<meta name=\"robots\" content=\"index, follow, max-snippet:-1, max-image-preview:large, max-video-preview:-1\" \/>\n<link rel=\"canonical\" href=\"https:\/\/lavoixdegreg.com\/index.php\/contact\/\" \/>\n<meta property=\"og:locale\" content=\"fr_FR\" \/>\n<meta property=\"og:type\" content=\"article\" \/>\n<meta property=\"og:title\" content=\"Pour me contacter\" \/>\n<meta property=\"og:description\" content=\"Pour me contacter, deux options s&#039;offrent \u00e0 vous : le t\u00e9l\u00e9phone (en direct, par sms ou encore whatsapp) ou bien le mail.\" \/>\n<meta property=\"og:url\" content=\"https:\/\/lavoixdegreg.com\/index.php\/contact\/\" \/>\n<meta property=\"article:modified_time\" content=\"2023-10-30T17:53:20+00:00\" \/>\n<meta name=\"twitter:card\" content=\"summary_large_image\" \/>\n<meta name=\"twitter:label1\" content=\"Dur\u00e9e de lecture estim\u00e9e\" \/>\n\t<meta name=\"twitter:data1\" content=\"1 minute\" \/>\n<script type=\"application\/ld+json\" class=\"yoast-schema-graph\">{\"@context\":\"https:\/\/schema.org\",\"@graph\":[{\"@type\":\"WebPage\",\"@id\":\"https:\/\/lavoixdegreg.com\/index.php\/contact\/\",\"url\":\"https:\/\/lavoixdegreg.com\/index.php\/contact\/\",\"name\":\"Pour me contacter\",\"isPartOf\":{\"@id\":\"https:\/\/lavoixdegreg.com\/#website\"},\"datePublished\":\"2023-10-03T16:49:47+00:00\",\"dateModified\":\"2023-10-30T17:53:20+00:00\",\"description\":\"Pour me contacter, deux options s'offrent \u00e0 vous : le t\u00e9l\u00e9phone (en direct, par sms ou encore whatsapp) ou bien le mail.\",\"breadcrumb\":{\"@id\":\"https:\/\/lavoixdegreg.com\/index.php\/contact\/#breadcrumb\"},\"inLanguage\":\"fr-FR\",\"potentialAction\":[{\"@type\":\"ReadAction\",\"target\":[\"https:\/\/lavoixdegreg.com\/index.php\/contact\/\"]}]},{\"@type\":\"BreadcrumbList\",\"@id\":\"https:\/\/lavoixdegreg.com\/index.php\/contact\/#breadcrumb\",\"itemListElement\":[{\"@type\":\"ListItem\",\"position\":1,\"name\":\"Accueil\",\"item\":\"https:\/\/lavoixdegreg.com\/\"},{\"@type\":\"ListItem\",\"position\":2,\"name\":\"Me contacter\"}]},{\"@type\":\"WebSite\",\"@id\":\"https:\/\/lavoixdegreg.com\/#website\",\"url\":\"https:\/\/lavoixdegreg.com\/\",\"name\":\"Greg Jasinski - lavoixdegreg.com\",\"description\":\"Greg Jasinski | Com\u00e9dien Voix-Off\",\"publisher\":{\"@id\":\"https:\/\/lavoixdegreg.com\/#\/schema\/person\/eef352e661697a9d9bb5d53366f357b2\"},\"potentialAction\":[{\"@type\":\"SearchAction\",\"target\":{\"@type\":\"EntryPoint\",\"urlTemplate\":\"https:\/\/lavoixdegreg.com\/?s={search_term_string}\"},\"query-input\":\"required name=search_term_string\"}],\"inLanguage\":\"fr-FR\"},{\"@type\":[\"Person\",\"Organization\"],\"@id\":\"https:\/\/lavoixdegreg.com\/#\/schema\/person\/eef352e661697a9d9bb5d53366f357b2\",\"name\":\"admin3832\",\"image\":{\"@type\":\"ImageObject\",\"inLanguage\":\"fr-FR\",\"@id\":\"https:\/\/lavoixdegreg.com\/#\/schema\/person\/image\/\",\"url\":\"https:\/\/lavoixdegreg.com\/wp-content\/uploads\/2023\/10\/LOGO-2014-sans-couleurs.png\",\"contentUrl\":\"https:\/\/lavoixdegreg.com\/wp-content\/uploads\/2023\/10\/LOGO-2014-sans-couleurs.png\",\"width\":1181,\"height\":1181,\"caption\":\"admin3832\"},\"logo\":{\"@id\":\"https:\/\/lavoixdegreg.com\/#\/schema\/person\/image\/\"},\"sameAs\":[\"http:\/\/lavoixdegreg.com\"]}]}<\/script>\n<!-- \/ Yoast SEO plugin. -->","yoast_head_json":{"title":"Pour me contacter","description":"Pour me contacter, deux options s'offrent \u00e0 vous : le t\u00e9l\u00e9phone (en direct, par sms ou encore whatsapp) ou bien le mail.","robots":{"index":"index","follow":"follow","max-snippet":"max-snippet:-1","max-image-preview":"max-image-preview:large","max-video-preview":"max-video-preview:-1"},"canonical":"https:\/\/lavoixdegreg.com\/index.php\/contact\/","og_locale":"fr_FR","og_type":"article","og_title":"Pour me contacter","og_description":"Pour me contacter, deux options s'offrent \u00e0 vous : le t\u00e9l\u00e9phone (en direct, par sms ou encore whatsapp) ou bien le mail.","og_url":"https:\/\/lavoixdegreg.com\/index.php\/contact\/","article_modified_time":"2023-10-30T17:53:20+00:00","twitter_card":"summary_large_image","twitter_misc":{"Dur\u00e9e de lecture estim\u00e9e":"1 minute"},"schema":{"@context":"https:\/\/schema.org","@graph":[{"@type":"WebPage","@id":"https:\/\/lavoixdegreg.com\/index.php\/contact\/","url":"https:\/\/lavoixdegreg.com\/index.php\/contact\/","name":"Pour me contacter","isPartOf":{"@id":"https:\/\/lavoixdegreg.com\/#website"},"datePublished":"2023-10-03T16:49:47+00:00","dateModified":"2023-10-30T17:53:20+00:00","description":"Pour me contacter, deux options s'offrent \u00e0 vous : le t\u00e9l\u00e9phone (en direct, par sms ou encore whatsapp) ou bien le mail.","breadcrumb":{"@id":"https:\/\/lavoixdegreg.com\/index.php\/contact\/#breadcrumb"},"inLanguage":"fr-FR","potentialAction":[{"@type":"ReadAction","target":["https:\/\/lavoixdegreg.com\/index.php\/contact\/"]}]},{"@type":"BreadcrumbList","@id":"https:\/\/lavoixdegreg.com\/index.php\/contact\/#breadcrumb","itemListElement":[{"@type":"ListItem","position":1,"name":"Accueil","item":"https:\/\/lavoixdegreg.com\/"},{"@type":"ListItem","position":2,"name":"Me contacter"}]},{"@type":"WebSite","@id":"https:\/\/lavoixdegreg.com\/#website","url":"https:\/\/lavoixdegreg.com\/","name":"Greg Jasinski - lavoixdegreg.com","description":"Greg Jasinski | Com\u00e9dien Voix-Off","publisher":{"@id":"https:\/\/lavoixdegreg.com\/#\/schema\/person\/eef352e661697a9d9bb5d53366f357b2"},"potentialAction":[{"@type":"SearchAction","target":{"@type":"EntryPoint","urlTemplate":"https:\/\/lavoixdegreg.com\/?s={search_term_string}"},"query-input":"required name=search_term_string"}],"inLanguage":"fr-FR"},{"@type":["Person","Organization"],"@id":"https:\/\/lavoixdegreg.com\/#\/schema\/person\/eef352e661697a9d9bb5d53366f357b2","name":"admin3832","image":{"@type":"ImageObject","inLanguage":"fr-FR","@id":"https:\/\/lavoixdegreg.com\/#\/schema\/person\/image\/","url":"https:\/\/lavoixdegreg.com\/wp-content\/uploads\/2023\/10\/LOGO-2014-sans-couleurs.png","contentUrl":"https:\/\/lavoixdegreg.com\/wp-content\/uploads\/2023\/10\/LOGO-2014-sans-couleurs.png","width":1181,"height":1181,"caption":"admin3832"},"logo":{"@id":"https:\/\/lavoixdegreg.com\/#\/schema\/person\/image\/"},"sameAs":["http:\/\/lavoixdegreg.com"]}]}},"_links":{"self":[{"href":"https:\/\/lavoixdegreg.com\/index.php\/wp-json\/wp\/v2\/pages\/44","targetHints":{"allow":["GET"]}}],"collection":[{"href":"https:\/\/lavoixdegreg.com\/index.php\/wp-json\/wp\/v2\/pages"}],"about":[{"href":"https:\/\/lavoixdegreg.com\/index.php\/wp-json\/wp\/v2\/types\/page"}],"author":[{"embeddable":true,"href":"https:\/\/lavoixdegreg.com\/index.php\/wp-json\/wp\/v2\/users\/1"}],"replies":[{"embeddable":true,"href":"https:\/\/lavoixdegreg.com\/index.php\/wp-json\/wp\/v2\/comments?post=44"}],"version-history":[{"count":19,"href":"https:\/\/lavoixdegreg.com\/index.php\/wp-json\/wp\/v2\/pages\/44\/revisions"}],"predecessor-version":[{"id":326,"href":"https:\/\/lavoixdegreg.com\/index.php\/wp-json\/wp\/v2\/pages\/44\/revisions\/326"}],"wp:attachment":[{"href":"https:\/\/lavoixdegreg.com\/index.php\/wp-json\/wp\/v2\/media?parent=44"}],"curies":[{"name":"wp","href":"https:\/\/api.w.org\/{rel}","templated":true}]}}