{"id":405,"date":"2023-10-21T16:06:59","date_gmt":"2023-10-21T14:06:59","guid":{"rendered":"https:\/\/lavoixdegreg.com\/?page_id=405"},"modified":"2024-12-22T16:18:55","modified_gmt":"2024-12-22T15:18:55","slug":"materiel-professionnel","status":"publish","type":"page","link":"https:\/\/lavoixdegreg.com\/index.php\/materiel-professionnel\/","title":{"rendered":"Mat\u00e9riel"},"content":{"rendered":"\n<div style=\"height:20px\" aria-hidden=\"true\" class=\"wp-block-spacer\"><\/div>\n\n\n\n<p>Le mat\u00e9riel utilis\u00e9 dans notre studio a \u00e9t\u00e9 choisi avec soin afin de vous offrir une <strong>qualit\u00e9<\/strong> d&#8217;enregistrement <strong>optimale<\/strong>.<\/p>\n\n\n\n<p class=\"has-text-align-right\">La cabine, de part sa conception, permet d&#8217;enregistrer <strong>deux<\/strong> com\u00e9diens simultan\u00e9ment<\/p>\n\n\n<div class=\"wp-block-image\">\n<figure class=\"aligncenter size-full is-resized\"><img loading=\"lazy\" decoding=\"async\" width=\"595\" height=\"842\" src=\"https:\/\/lavoixdegreg.com\/wp-content\/uploads\/2023\/10\/montage-studio_transp.png\" alt=\"\" class=\"wp-image-413\" style=\"aspect-ratio:0.7066508313539193;width:496px;height:auto\" srcset=\"https:\/\/lavoixdegreg.com\/wp-content\/uploads\/2023\/10\/montage-studio_transp.png 595w, https:\/\/lavoixdegreg.com\/wp-content\/uploads\/2023\/10\/montage-studio_transp-212x300.png 212w\" sizes=\"auto, (max-width: 595px) 100vw, 595px\" \/><\/figure><\/div>\n\n<div class=\"wp-block-image\">\n<figure class=\"aligncenter size-large is-resized\"><img loading=\"lazy\" decoding=\"async\" width=\"1024\" height=\"102\" src=\"https:\/\/lavoixdegreg.com\/wp-content\/uploads\/2024\/12\/bandeau_materiel_2025-1024x102.png\" alt=\"\" class=\"wp-image-604\" style=\"width:843px;height:auto\" srcset=\"https:\/\/lavoixdegreg.com\/wp-content\/uploads\/2024\/12\/bandeau_materiel_2025-1024x102.png 1024w, https:\/\/lavoixdegreg.com\/wp-content\/uploads\/2024\/12\/bandeau_materiel_2025-300x30.png 300w, https:\/\/lavoixdegreg.com\/wp-content\/uploads\/2024\/12\/bandeau_materiel_2025-768x77.png 768w, https:\/\/lavoixdegreg.com\/wp-content\/uploads\/2024\/12\/bandeau_materiel_2025-1536x154.png 1536w, https:\/\/lavoixdegreg.com\/wp-content\/uploads\/2024\/12\/bandeau_materiel_2025-2048x205.png 2048w\" sizes=\"auto, (max-width: 1024px) 100vw, 1024px\" \/><\/figure><\/div>\n\n\n<div style=\"height:33px\" aria-hidden=\"true\" class=\"wp-block-spacer\"><\/div>\n","protected":false},"excerpt":{"rendered":"<p>Le mat\u00e9riel utilis\u00e9 dans notre studio a \u00e9t\u00e9 choisi avec soin afin de vous offrir une qualit\u00e9 d&#8217;enregistrement optimale. La cabine, de part sa conception, permet d&#8217;enregistrer deux com\u00e9diens simultan\u00e9ment<\/p>\n","protected":false},"author":1,"featured_media":0,"parent":0,"menu_order":0,"comment_status":"closed","ping_status":"closed","template":"","meta":{"neve_meta_sidebar":"","neve_meta_container":"","neve_meta_enable_content_width":"","neve_meta_content_width":0,"neve_meta_title_alignment":"","neve_meta_author_avatar":"","neve_post_elements_order":"","neve_meta_disable_header":"","neve_meta_disable_footer":"","neve_meta_disable_title":"","footnotes":""},"class_list":["post-405","page","type-page","status-publish","hentry"],"yoast_head":"<!-- This site is optimized with the Yoast SEO plugin v21.5 - https:\/\/yoast.com\/wordpress\/plugins\/seo\/ -->\n<title>Mat\u00e9riel Professionnel Enregistrement Voix Off<\/title>\n<meta name=\"description\" content=\"Enregistrements r\u00e9alis\u00e9s en cabine speak insonoris\u00e9e. Studio \u00e9quip\u00e9 de mat\u00e9riel professionnel pour une qualit\u00e9 optimale.\" \/>\n<meta name=\"robots\" content=\"index, follow, max-snippet:-1, max-image-preview:large, max-video-preview:-1\" \/>\n<link rel=\"canonical\" href=\"https:\/\/lavoixdegreg.com\/index.php\/materiel-professionnel\/\" \/>\n<meta property=\"og:locale\" content=\"fr_FR\" \/>\n<meta property=\"og:type\" content=\"article\" \/>\n<meta property=\"og:title\" content=\"Mat\u00e9riel Professionnel Enregistrement Voix Off\" \/>\n<meta property=\"og:description\" content=\"Enregistrements r\u00e9alis\u00e9s en cabine speak insonoris\u00e9e. Studio \u00e9quip\u00e9 de mat\u00e9riel professionnel pour une qualit\u00e9 optimale.\" \/>\n<meta property=\"og:url\" content=\"https:\/\/lavoixdegreg.com\/index.php\/materiel-professionnel\/\" \/>\n<meta property=\"article:modified_time\" content=\"2024-12-22T15:18:55+00:00\" \/>\n<meta property=\"og:image\" content=\"https:\/\/lavoixdegreg.com\/wp-content\/uploads\/2023\/10\/montage-studio_transp.png\" \/>\n<meta name=\"twitter:card\" content=\"summary_large_image\" \/>\n<meta name=\"twitter:label1\" content=\"Dur\u00e9e de lecture estim\u00e9e\" \/>\n\t<meta name=\"twitter:data1\" content=\"1 minute\" \/>\n<script type=\"application\/ld+json\" class=\"yoast-schema-graph\">{\"@context\":\"https:\/\/schema.org\",\"@graph\":[{\"@type\":\"WebPage\",\"@id\":\"https:\/\/lavoixdegreg.com\/index.php\/materiel-professionnel\/\",\"url\":\"https:\/\/lavoixdegreg.com\/index.php\/materiel-professionnel\/\",\"name\":\"Mat\u00e9riel Professionnel Enregistrement Voix Off\",\"isPartOf\":{\"@id\":\"https:\/\/lavoixdegreg.com\/#website\"},\"datePublished\":\"2023-10-21T14:06:59+00:00\",\"dateModified\":\"2024-12-22T15:18:55+00:00\",\"description\":\"Enregistrements r\u00e9alis\u00e9s en cabine speak insonoris\u00e9e. Studio \u00e9quip\u00e9 de mat\u00e9riel professionnel pour une qualit\u00e9 optimale.\",\"breadcrumb\":{\"@id\":\"https:\/\/lavoixdegreg.com\/index.php\/materiel-professionnel\/#breadcrumb\"},\"inLanguage\":\"fr-FR\",\"potentialAction\":[{\"@type\":\"ReadAction\",\"target\":[\"https:\/\/lavoixdegreg.com\/index.php\/materiel-professionnel\/\"]}]},{\"@type\":\"BreadcrumbList\",\"@id\":\"https:\/\/lavoixdegreg.com\/index.php\/materiel-professionnel\/#breadcrumb\",\"itemListElement\":[{\"@type\":\"ListItem\",\"position\":1,\"name\":\"Accueil\",\"item\":\"https:\/\/lavoixdegreg.com\/\"},{\"@type\":\"ListItem\",\"position\":2,\"name\":\"Mat\u00e9riel\"}]},{\"@type\":\"WebSite\",\"@id\":\"https:\/\/lavoixdegreg.com\/#website\",\"url\":\"https:\/\/lavoixdegreg.com\/\",\"name\":\"Greg Jasinski - lavoixdegreg.com\",\"description\":\"Greg Jasinski | Com\u00e9dien Voix-Off\",\"publisher\":{\"@id\":\"https:\/\/lavoixdegreg.com\/#\/schema\/person\/eef352e661697a9d9bb5d53366f357b2\"},\"potentialAction\":[{\"@type\":\"SearchAction\",\"target\":{\"@type\":\"EntryPoint\",\"urlTemplate\":\"https:\/\/lavoixdegreg.com\/?s={search_term_string}\"},\"query-input\":\"required name=search_term_string\"}],\"inLanguage\":\"fr-FR\"},{\"@type\":[\"Person\",\"Organization\"],\"@id\":\"https:\/\/lavoixdegreg.com\/#\/schema\/person\/eef352e661697a9d9bb5d53366f357b2\",\"name\":\"admin3832\",\"image\":{\"@type\":\"ImageObject\",\"inLanguage\":\"fr-FR\",\"@id\":\"https:\/\/lavoixdegreg.com\/#\/schema\/person\/image\/\",\"url\":\"https:\/\/lavoixdegreg.com\/wp-content\/uploads\/2023\/10\/LOGO-2014-sans-couleurs.png\",\"contentUrl\":\"https:\/\/lavoixdegreg.com\/wp-content\/uploads\/2023\/10\/LOGO-2014-sans-couleurs.png\",\"width\":1181,\"height\":1181,\"caption\":\"admin3832\"},\"logo\":{\"@id\":\"https:\/\/lavoixdegreg.com\/#\/schema\/person\/image\/\"},\"sameAs\":[\"http:\/\/lavoixdegreg.com\"]}]}<\/script>\n<!-- \/ Yoast SEO plugin. -->","yoast_head_json":{"title":"Mat\u00e9riel Professionnel Enregistrement Voix Off","description":"Enregistrements r\u00e9alis\u00e9s en cabine speak insonoris\u00e9e. Studio \u00e9quip\u00e9 de mat\u00e9riel professionnel pour une qualit\u00e9 optimale.","robots":{"index":"index","follow":"follow","max-snippet":"max-snippet:-1","max-image-preview":"max-image-preview:large","max-video-preview":"max-video-preview:-1"},"canonical":"https:\/\/lavoixdegreg.com\/index.php\/materiel-professionnel\/","og_locale":"fr_FR","og_type":"article","og_title":"Mat\u00e9riel Professionnel Enregistrement Voix Off","og_description":"Enregistrements r\u00e9alis\u00e9s en cabine speak insonoris\u00e9e. Studio \u00e9quip\u00e9 de mat\u00e9riel professionnel pour une qualit\u00e9 optimale.","og_url":"https:\/\/lavoixdegreg.com\/index.php\/materiel-professionnel\/","article_modified_time":"2024-12-22T15:18:55+00:00","og_image":[{"url":"https:\/\/lavoixdegreg.com\/wp-content\/uploads\/2023\/10\/montage-studio_transp.png"}],"twitter_card":"summary_large_image","twitter_misc":{"Dur\u00e9e de lecture estim\u00e9e":"1 minute"},"schema":{"@context":"https:\/\/schema.org","@graph":[{"@type":"WebPage","@id":"https:\/\/lavoixdegreg.com\/index.php\/materiel-professionnel\/","url":"https:\/\/lavoixdegreg.com\/index.php\/materiel-professionnel\/","name":"Mat\u00e9riel Professionnel Enregistrement Voix Off","isPartOf":{"@id":"https:\/\/lavoixdegreg.com\/#website"},"datePublished":"2023-10-21T14:06:59+00:00","dateModified":"2024-12-22T15:18:55+00:00","description":"Enregistrements r\u00e9alis\u00e9s en cabine speak insonoris\u00e9e. Studio \u00e9quip\u00e9 de mat\u00e9riel professionnel pour une qualit\u00e9 optimale.","breadcrumb":{"@id":"https:\/\/lavoixdegreg.com\/index.php\/materiel-professionnel\/#breadcrumb"},"inLanguage":"fr-FR","potentialAction":[{"@type":"ReadAction","target":["https:\/\/lavoixdegreg.com\/index.php\/materiel-professionnel\/"]}]},{"@type":"BreadcrumbList","@id":"https:\/\/lavoixdegreg.com\/index.php\/materiel-professionnel\/#breadcrumb","itemListElement":[{"@type":"ListItem","position":1,"name":"Accueil","item":"https:\/\/lavoixdegreg.com\/"},{"@type":"ListItem","position":2,"name":"Mat\u00e9riel"}]},{"@type":"WebSite","@id":"https:\/\/lavoixdegreg.com\/#website","url":"https:\/\/lavoixdegreg.com\/","name":"Greg Jasinski - lavoixdegreg.com","description":"Greg Jasinski | Com\u00e9dien Voix-Off","publisher":{"@id":"https:\/\/lavoixdegreg.com\/#\/schema\/person\/eef352e661697a9d9bb5d53366f357b2"},"potentialAction":[{"@type":"SearchAction","target":{"@type":"EntryPoint","urlTemplate":"https:\/\/lavoixdegreg.com\/?s={search_term_string}"},"query-input":"required name=search_term_string"}],"inLanguage":"fr-FR"},{"@type":["Person","Organization"],"@id":"https:\/\/lavoixdegreg.com\/#\/schema\/person\/eef352e661697a9d9bb5d53366f357b2","name":"admin3832","image":{"@type":"ImageObject","inLanguage":"fr-FR","@id":"https:\/\/lavoixdegreg.com\/#\/schema\/person\/image\/","url":"https:\/\/lavoixdegreg.com\/wp-content\/uploads\/2023\/10\/LOGO-2014-sans-couleurs.png","contentUrl":"https:\/\/lavoixdegreg.com\/wp-content\/uploads\/2023\/10\/LOGO-2014-sans-couleurs.png","width":1181,"height":1181,"caption":"admin3832"},"logo":{"@id":"https:\/\/lavoixdegreg.com\/#\/schema\/person\/image\/"},"sameAs":["http:\/\/lavoixdegreg.com"]}]}},"_links":{"self":[{"href":"https:\/\/lavoixdegreg.com\/index.php\/wp-json\/wp\/v2\/pages\/405","targetHints":{"allow":["GET"]}}],"collection":[{"href":"https:\/\/lavoixdegreg.com\/index.php\/wp-json\/wp\/v2\/pages"}],"about":[{"href":"https:\/\/lavoixdegreg.com\/index.php\/wp-json\/wp\/v2\/types\/page"}],"author":[{"embeddable":true,"href":"https:\/\/lavoixdegreg.com\/index.php\/wp-json\/wp\/v2\/users\/1"}],"replies":[{"embeddable":true,"href":"https:\/\/lavoixdegreg.com\/index.php\/wp-json\/wp\/v2\/comments?post=405"}],"version-history":[{"count":11,"href":"https:\/\/lavoixdegreg.com\/index.php\/wp-json\/wp\/v2\/pages\/405\/revisions"}],"predecessor-version":[{"id":606,"href":"https:\/\/lavoixdegreg.com\/index.php\/wp-json\/wp\/v2\/pages\/405\/revisions\/606"}],"wp:attachment":[{"href":"https:\/\/lavoixdegreg.com\/index.php\/wp-json\/wp\/v2\/media?parent=405"}],"curies":[{"name":"wp","href":"https:\/\/api.w.org\/{rel}","templated":true}]}}

Matériel

<div style="height:20px" aria-hidden="true" class="wp-block-spacer"></div>



<p>Le matériel utilisé dans notre studio a été choisi avec soin afin de vous offrir une <strong>qualité</strong> d&#8217;enregistrement <strong>optimale</strong>.</p>



<p class="has-text-align-right">La cabine, de part sa conception, permet d&#8217;enregistrer <strong>deux</strong> comédiens simultanément</p>


<div class="wp-block-image">
<figure class="aligncenter size-full is-resized"><img loading="lazy" decoding="async" width="595" height="842" src="https://lavoixdegreg.com/wp-content/uploads/2023/10/montage-studio_transp.png" alt="" class="wp-image-413" style="aspect-ratio:0.7066508313539193;width:496px;height:auto" srcset="https://lavoixdegreg.com/wp-content/uploads/2023/10/montage-studio_transp.png 595w, https://lavoixdegreg.com/wp-content/uploads/2023/10/montage-studio_transp-212x300.png 212w" sizes="auto, (max-width: 595px) 100vw, 595px" /></figure></div>

<div class="wp-block-image">
<figure class="aligncenter size-large is-resized"><img loading="lazy" decoding="async" width="1024" height="102" src="https://lavoixdegreg.com/wp-content/uploads/2024/12/bandeau_materiel_2025-1024x102.png" alt="" class="wp-image-604" style="width:843px;height:auto" srcset="https://lavoixdegreg.com/wp-content/uploads/2024/12/bandeau_materiel_2025-1024x102.png 1024w, https://lavoixdegreg.com/wp-content/uploads/2024/12/bandeau_materiel_2025-300x30.png 300w, https://lavoixdegreg.com/wp-content/uploads/2024/12/bandeau_materiel_2025-768x77.png 768w, https://lavoixdegreg.com/wp-content/uploads/2024/12/bandeau_materiel_2025-1536x154.png 1536w, https://lavoixdegreg.com/wp-content/uploads/2024/12/bandeau_materiel_2025-2048x205.png 2048w" sizes="auto, (max-width: 1024px) 100vw, 1024px" /></figure></div>


<div style="height:33px" aria-hidden="true" class="wp-block-spacer"></div>

<p>Le matériel utilisé dans notre studio a été choisi avec soin afin de vous offrir une qualité d&#8217;enregistrement optimale. La cabine, de part sa conception, permet d&#8217;enregistrer deux comédiens simultanément</p>

<!-- This site is optimized with the Yoast SEO plugin v21.5 - https://yoast.com/wordpress/plugins/seo/ -->
<title>Matériel Professionnel Enregistrement Voix Off</title>
<meta name="description" content="Enregistrements réalisés en cabine speak insonorisée. Studio équipé de matériel professionnel pour une qualité optimale." />
<meta name="robots" content="index, follow, max-snippet:-1, max-image-preview:large, max-video-preview:-1" />
<link rel="canonical" href="https://lavoixdegreg.com/index.php/materiel-professionnel/" />
<meta property="og:locale" content="fr_FR" />
<meta property="og:type" content="article" />
<meta property="og:title" content="Matériel Professionnel Enregistrement Voix Off" />
<meta property="og:description" content="Enregistrements réalisés en cabine speak insonorisée. Studio équipé de matériel professionnel pour une qualité optimale." />
<meta property="og:url" content="https://lavoixdegreg.com/index.php/materiel-professionnel/" />
<meta property="article:modified_time" content="2024-12-22T15:18:55+00:00" />
<meta property="og:image" content="https://lavoixdegreg.com/wp-content/uploads/2023/10/montage-studio_transp.png" />
<meta name="twitter:card" content="summary_large_image" />
<meta name="twitter:label1" content="Durée de lecture estimée" />
	<meta name="twitter:data1" content="1 minute" />
<script type="application/ld+json" class="yoast-schema-graph">{"@context":"https://schema.org","@graph":[{"@type":"WebPage","@id":"https://lavoixdegreg.com/index.php/materiel-professionnel/","url":"https://lavoixdegreg.com/index.php/materiel-professionnel/","name":"Matériel Professionnel Enregistrement Voix Off","isPartOf":{"@id":"https://lavoixdegreg.com/#website"},"datePublished":"2023-10-21T14:06:59+00:00","dateModified":"2024-12-22T15:18:55+00:00","description":"Enregistrements réalisés en cabine speak insonorisée. Studio équipé de matériel professionnel pour une qualité optimale.","breadcrumb":{"@id":"https://lavoixdegreg.com/index.php/materiel-professionnel/#breadcrumb"},"inLanguage":"fr-FR","potentialAction":[{"@type":"ReadAction","target":["https://lavoixdegreg.com/index.php/materiel-professionnel/"]}]},{"@type":"BreadcrumbList","@id":"https://lavoixdegreg.com/index.php/materiel-professionnel/#breadcrumb","itemListElement":[{"@type":"ListItem","position":1,"name":"Accueil","item":"https://lavoixdegreg.com/"},{"@type":"ListItem","position":2,"name":"Matériel"}]},{"@type":"WebSite","@id":"https://lavoixdegreg.com/#website","url":"https://lavoixdegreg.com/","name":"Greg Jasinski - lavoixdegreg.com","description":"Greg Jasinski | Comédien Voix-Off","publisher":{"@id":"https://lavoixdegreg.com/#/schema/person/eef352e661697a9d9bb5d53366f357b2"},"potentialAction":[{"@type":"SearchAction","target":{"@type":"EntryPoint","urlTemplate":"https://lavoixdegreg.com/?s={search_term_string}"},"query-input":"required name=search_term_string"}],"inLanguage":"fr-FR"},{"@type":["Person","Organization"],"@id":"https://lavoixdegreg.com/#/schema/person/eef352e661697a9d9bb5d53366f357b2","name":"admin3832","image":{"@type":"ImageObject","inLanguage":"fr-FR","@id":"https://lavoixdegreg.com/#/schema/person/image/","url":"https://lavoixdegreg.com/wp-content/uploads/2023/10/LOGO-2014-sans-couleurs.png","contentUrl":"https://lavoixdegreg.com/wp-content/uploads/2023/10/LOGO-2014-sans-couleurs.png","width":1181,"height":1181,"caption":"admin3832"},"logo":{"@id":"https://lavoixdegreg.com/#/schema/person/image/"},"sameAs":["http://lavoixdegreg.com"]}]}</script>
<!-- / Yoast SEO plugin. -->

Matériel Professionnel Enregistrement Voix Off

Enregistrements réalisés en cabine speak insonorisée. Studio équipé de matériel professionnel pour une qualité optimale.

Greg Jasinski | Comédien Voix-Off
