{"id":2,"date":"2023-09-30T17:54:38","date_gmt":"2023-09-30T15:54:38","guid":{"rendered":"http:\/\/lavoixdegreg.com\/?page_id=2"},"modified":"2023-11-09T08:28:07","modified_gmt":"2023-11-09T07:28:07","slug":"comedien-voix-off-homme-jeune","status":"publish","type":"page","link":"https:\/\/lavoixdegreg.com\/","title":{"rendered":"Greg Jasinski | Com\u00e9dien"},"content":{"rendered":"\n<p><\/p>\n\n\n\n<figure class=\"wp-block-image size-large\"><img loading=\"lazy\" decoding=\"async\" width=\"1024\" height=\"240\" src=\"https:\/\/lavoixdegreg.com\/wp-content\/uploads\/2023\/10\/ENTETE_2023-1024x240.png\" alt=\"\" class=\"wp-image-396\" srcset=\"https:\/\/lavoixdegreg.com\/wp-content\/uploads\/2023\/10\/ENTETE_2023-1024x240.png 1024w, https:\/\/lavoixdegreg.com\/wp-content\/uploads\/2023\/10\/ENTETE_2023-300x70.png 300w, https:\/\/lavoixdegreg.com\/wp-content\/uploads\/2023\/10\/ENTETE_2023-768x180.png 768w, https:\/\/lavoixdegreg.com\/wp-content\/uploads\/2023\/10\/ENTETE_2023.png 1280w\" sizes=\"auto, (max-width: 1024px) 100vw, 1024px\" \/><\/figure>\n\n\n\n<div style=\"height:13px\" aria-hidden=\"true\" class=\"wp-block-spacer\"><\/div>\n\n\n<div class=\"wp-block-image\">\n<figure class=\"aligncenter size-large\"><img loading=\"lazy\" decoding=\"async\" width=\"1024\" height=\"102\" src=\"https:\/\/lavoixdegreg.com\/wp-content\/uploads\/2023\/10\/bandeau_medias_2023-1024x102.png\" alt=\"\" class=\"wp-image-327\" srcset=\"https:\/\/lavoixdegreg.com\/wp-content\/uploads\/2023\/10\/bandeau_medias_2023-1024x102.png 1024w, https:\/\/lavoixdegreg.com\/wp-content\/uploads\/2023\/10\/bandeau_medias_2023-300x30.png 300w, https:\/\/lavoixdegreg.com\/wp-content\/uploads\/2023\/10\/bandeau_medias_2023-768x77.png 768w, https:\/\/lavoixdegreg.com\/wp-content\/uploads\/2023\/10\/bandeau_medias_2023-1536x154.png 1536w, https:\/\/lavoixdegreg.com\/wp-content\/uploads\/2023\/10\/bandeau_medias_2023-2048x205.png 2048w\" sizes=\"auto, (max-width: 1024px) 100vw, 1024px\" \/><\/figure><\/div>\n\n\n<p class=\"has-text-align-center\"><sub><em><sup><mark style=\"background-color:rgba(0, 0, 0, 0)\" class=\"has-inline-color has-nv-site-bg-color\">Com\u00e9dien Voix Off &#8211; Com\u00e9dien Voix Off Home Studio &#8211; Com\u00e9dien Voix Off homme &#8211; Com\u00e9dien voix Off Jeune &#8211; Voix Off Professionnel &#8211; Com\u00e9dien Voix Off Pub &#8211; French Voice Over &#8211; Publicit\u00e9 Voix Off &#8211; Site De Voix Off &#8211; Studio Enregistrement Voix Off &#8211; Voix De Bande Annonce &#8211; Voix De Publicit\u00e9 &#8211; Voix Off Attente t\u00e9l\u00e9phonique &#8211; Voix Off Audioguides &#8211; Voix Off Bande Annonce &#8211; Voix Off Bande Annonce &#8211; Voix Off Billboard &#8211; Voix Off casting &#8211; Voix Off Com\u00e9dien &#8211; Voix Off Documentaire &#8211; Voix Off Doublage &#8211; Voix Off Dubbing &#8211; Voix Off E Learning &#8211; Voix Off \u00c9missions T\u00e9l\u00e9 &#8211; Voix Off Enregistrement &#8211; Voix Off Films institutionnels &#8211; Voix Off France &#8211; Voix Off Habillage Radio<\/mark><\/sup><\/em><\/sub><\/p>\n\n\n\n<div style=\"height:2px\" aria-hidden=\"true\" class=\"wp-block-spacer\"><\/div>\n\n\n\n<p class=\"has-text-align-center\"><sub><em><sup><mark style=\"background-color:rgba(0, 0, 0, 0)\" class=\"has-inline-color has-nv-site-bg-color\">Voix Off Home Studio Professionnel &#8211; Voix Off Homme &#8211; Voix Off Institutionnel &#8211; Voix Off Jeux Vid\u00e9o &#8211; Voix Off Jingles &#8211; Voix Off Masculin &#8211; Voix Off Masculine &#8211; Voix Off Medium &#8211; Voix Off Motion Design &#8211; Voix Off Narration &#8211; Voix Off Netflix &#8211; Voix Off Preroll &#8211; Voix Off Professionnelle &#8211; Voix Off Pub &#8211; Voix Off Publicitaire &#8211; Voix Off Publicit\u00e9 &#8211;   Voix Off Publicit\u00e9s TV &#8211; Voix Off Radio &#8211; Voix Off Spot &#8211; Voix Off Spots radio &#8211; Voix Off Studio &#8211; Voix Off Teaser &#8211; Voix Off T\u00e9l\u00e9 &#8211; Voix Off Top Horaire &#8211; Voix Off Tv &#8211; Voix Off Voice Over &#8211; Voix Pour Pub &#8211; Voix Pub &#8211; Voix Pub Radio &#8211; Voix Publicit\u00e9 \u2013 Voix Off Home Studio &#8211; Voix Off Fran\u00e7ais &#8211; Voix jeune &#8211; Voix Ado &#8211; Com\u00e9dien voix ado &#8211; Voix pub ado &#8211; Voix radio Jeune &#8211; Artiste interpr\u00e8te<\/mark><\/sup><\/em><\/sub><\/p>\n\n\n\n<p class=\"has-text-align-center\"><\/p>\n","protected":false},"excerpt":{"rendered":"<p>Com\u00e9dien Voix Off &#8211; Com\u00e9dien Voix Off Home Studio &#8211; Com\u00e9dien Voix Off homme &#8211; Com\u00e9dien voix Off Jeune &#8211; Voix Off Professionnel &#8211; Com\u00e9dien Voix Off Pub &#8211; French Voice Over &#8211; Publicit\u00e9 Voix Off &#8211; Site De Voix Off &#8211; Studio Enregistrement Voix Off &#8211; Voix De Bande Annonce &#8211; Voix De Publicit\u00e9&hellip;&nbsp;<a href=\"https:\/\/lavoixdegreg.com\/\" class=\"\" rel=\"bookmark\">Lire la suite &raquo;<span class=\"screen-reader-text\">Greg Jasinski | Com\u00e9dien<\/span><\/a><\/p>\n","protected":false},"author":1,"featured_media":0,"parent":0,"menu_order":0,"comment_status":"closed","ping_status":"closed","template":"","meta":{"neve_meta_sidebar":"","neve_meta_container":"","neve_meta_enable_content_width":"","neve_meta_content_width":0,"neve_meta_title_alignment":"","neve_meta_author_avatar":"","neve_post_elements_order":"","neve_meta_disable_header":"","neve_meta_disable_footer":"","neve_meta_disable_title":"","footnotes":""},"class_list":["post-2","page","type-page","status-publish","hentry"],"yoast_head":"<!-- This site is optimized with the Yoast SEO plugin v21.5 - https:\/\/yoast.com\/wordpress\/plugins\/seo\/ -->\n<title>Com\u00e9dien Voix Off Professionnel<\/title>\n<meta name=\"description\" content=\"Com\u00e9dien Voix-off Homme timbre m\u00e9dium. Enregistrement en home-studio publicit\u00e9s radio \/ tv, E-learning, Habillage radio... Livraison en 24h\" \/>\n<meta name=\"robots\" content=\"index, follow, max-snippet:-1, max-image-preview:large, max-video-preview:-1\" \/>\n<link rel=\"canonical\" href=\"https:\/\/lavoixdegreg.com\/\" \/>\n<meta property=\"og:locale\" content=\"fr_FR\" \/>\n<meta property=\"og:type\" content=\"article\" \/>\n<meta property=\"og:title\" content=\"Com\u00e9dien Voix Off Professionnel\" \/>\n<meta property=\"og:description\" content=\"Com\u00e9dien Voix-off Homme timbre m\u00e9dium. Enregistrement en home-studio publicit\u00e9s radio \/ tv, E-learning, Habillage radio... Livraison en 24h\" \/>\n<meta property=\"og:url\" content=\"https:\/\/lavoixdegreg.com\/\" \/>\n<meta property=\"article:modified_time\" content=\"2023-11-09T07:28:07+00:00\" \/>\n<meta property=\"og:image\" content=\"https:\/\/lavoixdegreg.com\/wp-content\/uploads\/2023\/10\/ENTETE_2023-1024x240.png\" \/>\n<meta name=\"twitter:card\" content=\"summary_large_image\" \/>\n<meta name=\"twitter:label1\" content=\"Dur\u00e9e de lecture estim\u00e9e\" \/>\n\t<meta name=\"twitter:data1\" content=\"2 minutes\" \/>\n<script type=\"application\/ld+json\" class=\"yoast-schema-graph\">{\"@context\":\"https:\/\/schema.org\",\"@graph\":[{\"@type\":\"WebPage\",\"@id\":\"https:\/\/lavoixdegreg.com\/\",\"url\":\"https:\/\/lavoixdegreg.com\/\",\"name\":\"Com\u00e9dien Voix Off Professionnel\",\"isPartOf\":{\"@id\":\"https:\/\/lavoixdegreg.com\/#website\"},\"datePublished\":\"2023-09-30T15:54:38+00:00\",\"dateModified\":\"2023-11-09T07:28:07+00:00\",\"description\":\"Com\u00e9dien Voix-off Homme timbre m\u00e9dium. Enregistrement en home-studio publicit\u00e9s radio \/ tv, E-learning, Habillage radio... Livraison en 24h\",\"breadcrumb\":{\"@id\":\"https:\/\/lavoixdegreg.com\/#breadcrumb\"},\"inLanguage\":\"fr-FR\",\"potentialAction\":[{\"@type\":\"ReadAction\",\"target\":[\"https:\/\/lavoixdegreg.com\/\"]}]},{\"@type\":\"BreadcrumbList\",\"@id\":\"https:\/\/lavoixdegreg.com\/#breadcrumb\",\"itemListElement\":[{\"@type\":\"ListItem\",\"position\":1,\"name\":\"Accueil\",\"item\":\"https:\/\/lavoixdegreg.com\/\"},{\"@type\":\"ListItem\",\"position\":2,\"name\":\"Greg Jasinski | Com\u00e9dien\"}]},{\"@type\":\"WebSite\",\"@id\":\"https:\/\/lavoixdegreg.com\/#website\",\"url\":\"https:\/\/lavoixdegreg.com\/\",\"name\":\"Greg Jasinski - lavoixdegreg.com\",\"description\":\"Greg Jasinski | Com\u00e9dien Voix-Off\",\"publisher\":{\"@id\":\"https:\/\/lavoixdegreg.com\/#\/schema\/person\/eef352e661697a9d9bb5d53366f357b2\"},\"potentialAction\":[{\"@type\":\"SearchAction\",\"target\":{\"@type\":\"EntryPoint\",\"urlTemplate\":\"https:\/\/lavoixdegreg.com\/?s={search_term_string}\"},\"query-input\":\"required name=search_term_string\"}],\"inLanguage\":\"fr-FR\"},{\"@type\":[\"Person\",\"Organization\"],\"@id\":\"https:\/\/lavoixdegreg.com\/#\/schema\/person\/eef352e661697a9d9bb5d53366f357b2\",\"name\":\"admin3832\",\"image\":{\"@type\":\"ImageObject\",\"inLanguage\":\"fr-FR\",\"@id\":\"https:\/\/lavoixdegreg.com\/#\/schema\/person\/image\/\",\"url\":\"https:\/\/lavoixdegreg.com\/wp-content\/uploads\/2023\/10\/LOGO-2014-sans-couleurs.png\",\"contentUrl\":\"https:\/\/lavoixdegreg.com\/wp-content\/uploads\/2023\/10\/LOGO-2014-sans-couleurs.png\",\"width\":1181,\"height\":1181,\"caption\":\"admin3832\"},\"logo\":{\"@id\":\"https:\/\/lavoixdegreg.com\/#\/schema\/person\/image\/\"},\"sameAs\":[\"http:\/\/lavoixdegreg.com\"]}]}<\/script>\n<!-- \/ Yoast SEO plugin. -->","yoast_head_json":{"title":"Com\u00e9dien Voix Off Professionnel","description":"Com\u00e9dien Voix-off Homme timbre m\u00e9dium. Enregistrement en home-studio publicit\u00e9s radio \/ tv, E-learning, Habillage radio... Livraison en 24h","robots":{"index":"index","follow":"follow","max-snippet":"max-snippet:-1","max-image-preview":"max-image-preview:large","max-video-preview":"max-video-preview:-1"},"canonical":"https:\/\/lavoixdegreg.com\/","og_locale":"fr_FR","og_type":"article","og_title":"Com\u00e9dien Voix Off Professionnel","og_description":"Com\u00e9dien Voix-off Homme timbre m\u00e9dium. Enregistrement en home-studio publicit\u00e9s radio \/ tv, E-learning, Habillage radio... Livraison en 24h","og_url":"https:\/\/lavoixdegreg.com\/","article_modified_time":"2023-11-09T07:28:07+00:00","og_image":[{"url":"https:\/\/lavoixdegreg.com\/wp-content\/uploads\/2023\/10\/ENTETE_2023-1024x240.png"}],"twitter_card":"summary_large_image","twitter_misc":{"Dur\u00e9e de lecture estim\u00e9e":"2 minutes"},"schema":{"@context":"https:\/\/schema.org","@graph":[{"@type":"WebPage","@id":"https:\/\/lavoixdegreg.com\/","url":"https:\/\/lavoixdegreg.com\/","name":"Com\u00e9dien Voix Off Professionnel","isPartOf":{"@id":"https:\/\/lavoixdegreg.com\/#website"},"datePublished":"2023-09-30T15:54:38+00:00","dateModified":"2023-11-09T07:28:07+00:00","description":"Com\u00e9dien Voix-off Homme timbre m\u00e9dium. Enregistrement en home-studio publicit\u00e9s radio \/ tv, E-learning, Habillage radio... Livraison en 24h","breadcrumb":{"@id":"https:\/\/lavoixdegreg.com\/#breadcrumb"},"inLanguage":"fr-FR","potentialAction":[{"@type":"ReadAction","target":["https:\/\/lavoixdegreg.com\/"]}]},{"@type":"BreadcrumbList","@id":"https:\/\/lavoixdegreg.com\/#breadcrumb","itemListElement":[{"@type":"ListItem","position":1,"name":"Accueil","item":"https:\/\/lavoixdegreg.com\/"},{"@type":"ListItem","position":2,"name":"Greg Jasinski | Com\u00e9dien"}]},{"@type":"WebSite","@id":"https:\/\/lavoixdegreg.com\/#website","url":"https:\/\/lavoixdegreg.com\/","name":"Greg Jasinski - lavoixdegreg.com","description":"Greg Jasinski | Com\u00e9dien Voix-Off","publisher":{"@id":"https:\/\/lavoixdegreg.com\/#\/schema\/person\/eef352e661697a9d9bb5d53366f357b2"},"potentialAction":[{"@type":"SearchAction","target":{"@type":"EntryPoint","urlTemplate":"https:\/\/lavoixdegreg.com\/?s={search_term_string}"},"query-input":"required name=search_term_string"}],"inLanguage":"fr-FR"},{"@type":["Person","Organization"],"@id":"https:\/\/lavoixdegreg.com\/#\/schema\/person\/eef352e661697a9d9bb5d53366f357b2","name":"admin3832","image":{"@type":"ImageObject","inLanguage":"fr-FR","@id":"https:\/\/lavoixdegreg.com\/#\/schema\/person\/image\/","url":"https:\/\/lavoixdegreg.com\/wp-content\/uploads\/2023\/10\/LOGO-2014-sans-couleurs.png","contentUrl":"https:\/\/lavoixdegreg.com\/wp-content\/uploads\/2023\/10\/LOGO-2014-sans-couleurs.png","width":1181,"height":1181,"caption":"admin3832"},"logo":{"@id":"https:\/\/lavoixdegreg.com\/#\/schema\/person\/image\/"},"sameAs":["http:\/\/lavoixdegreg.com"]}]}},"_links":{"self":[{"href":"https:\/\/lavoixdegreg.com\/index.php\/wp-json\/wp\/v2\/pages\/2","targetHints":{"allow":["GET"]}}],"collection":[{"href":"https:\/\/lavoixdegreg.com\/index.php\/wp-json\/wp\/v2\/pages"}],"about":[{"href":"https:\/\/lavoixdegreg.com\/index.php\/wp-json\/wp\/v2\/types\/page"}],"author":[{"embeddable":true,"href":"https:\/\/lavoixdegreg.com\/index.php\/wp-json\/wp\/v2\/users\/1"}],"replies":[{"embeddable":true,"href":"https:\/\/lavoixdegreg.com\/index.php\/wp-json\/wp\/v2\/comments?post=2"}],"version-history":[{"count":28,"href":"https:\/\/lavoixdegreg.com\/index.php\/wp-json\/wp\/v2\/pages\/2\/revisions"}],"predecessor-version":[{"id":540,"href":"https:\/\/lavoixdegreg.com\/index.php\/wp-json\/wp\/v2\/pages\/2\/revisions\/540"}],"wp:attachment":[{"href":"https:\/\/lavoixdegreg.com\/index.php\/wp-json\/wp\/v2\/media?parent=2"}],"curies":[{"name":"wp","href":"https:\/\/api.w.org\/{rel}","templated":true}]}}